446 (base 7) to base 10
-11522286
22853 (base 10) to base 4
11211011
What is -101110001011000011111110 (base 2) in base 8?
-56130376
Convert -78157 (base 10) to base 12.
-39291
Convert -4a601a (base 14) to base 4.
-21233002020
Convert 103223021102 (base 4) to base 15.
6bd208
a41c8 (base 14) to base 6
12251020
What is -491a27 (base 11) in base 13?
-21349c
154634 (base 8) to base 5
3240313
Convert -20021210102102 (base 3) to base 14.
-62dd36
Convert 201010200202212 (base 3) to base 4.
212302330001
-59465 (base 16) to base 9
-616538
-128864 (base 11) to base 5
-22431034
-4b4f5 (base 16) to base 4
-1023103311
-2633534 (base 7) to base 13
-c0b3c
Convert 211231302 (base 4) to base 9.
254816
18b8cd (base 15) to base 6
41443421
What is -68136 (base 10) in base 6?
-1243240
-11b6909 (base 12) to base 14
-666369
What is 24332050 (base 7) in base 10?
2176027
Convert -1430aa1 (base 12) to base 10.
-4045081
1a233a5 (base 13) to base 5
4200312334
Convert 160 (base 12) to base 13.
138
Convert -230141104 (base 5) to base 8.
-3712734
-134b1 (base 14) to base 2
-1011100111100011
ab6a (base 16) to base 13
16c87
What is -200200220 (base 4) in base 16?
-20828
1665526 (base 7) to base 14
6184d
62dcb (base 14) to base 6
5041051
-3067e (base 16) to base 2
-110000011001111110
What is -45273 (base 11) in base 5?
-4044131
411d3 (base 14) to base 13
56499
What is -1102210120 (base 3) in base 4?
-12321330
What is -e3bed6 (base 15) in base 8?
-51223661
What is 868a4b (base 12) in base 4?
20020013123
-109cc6 (base 13) to base 12
-16b6b4
What is -30303302 (base 4) in base 11?
-36467
Convert -2551553 (base 7) to base 15.
-6855e
What is 20100221102100 (base 3) in base 11?
1a01769
Convert 41213242 (base 5) to base 4.
1101321113
-216681 (base 10) to base 11
-138883
-3071002 (base 12) to base 16
-8aedc2
Convert 30441102 (base 5) to base 3.
110200021202
-10000100111110 (base 2) to base 15
-27c5
Convert 1100100011010100010100 (base 2) to base 9.
6164506
Convert -15f60 (base 16) to base 10.
-89952
Convert 1162b (base 14) to base 16.
a587
Convert -516673 (base 10) to base 2.
-1111110001001000001
Convert 6c86a (base 13) to base 12.
97316
What is 232065 (base 9) in base 16?
22022
What is 719606 (base 11) in base 8?
4317225
What is -8b8963 (base 13) in base 16?
-32690d
Convert 1966b8 (base 14) to base 8.
3340372
Convert 220220200112 (base 3) to base 13.
142292
What is -20044041204 (base 5) in base 8?
-113744501
Convert 21a5036 (base 11) to base 8.
16555575
Convert 152006 (base 8) to base 10.
54278
What is -1b8b470 (base 12) in base 10?
-5908692
Convert -2093243 (base 12) to base 9.
-12534516
What is 110310244 (base 5) in base 15?
96d19
What is -7ccca5 (base 14) in base 2?
-10000010000010101000001
-56b48 (base 12) to base 5
-12200223
Convert 5268682 (base 9) to base 14.
536125
What is 173169 (base 12) in base 5?
100240033
Convert -3122221321 (base 4) to base 14.
-194561
Convert -122021331 (base 4) to base 11.
-73544
22123222 (base 4) to base 12
2088a
Convert -2122010202 (base 3) to base 6.
-1040032
Convert 22171227 (base 8) to base 2.
10010001111001010010111
-225587 (base 9) to base 6
-2522341
What is de84b (base 16) in base 4?
3132201023
What is b052b (base 12) in base 6?
4523255
What is 8dd770 (base 14) in base 13?
10057c9
Convert -654448 (base 13) to base 5.
-1102130322
What is -12531404 (base 6) in base 4?
-1211221330
What is 31130010332 (base 4) in base 15?
498c38
4a155 (base 14) to base 11
1142a7
316a19 (base 11) to base 9
852434
What is 38c44 (base 15) in base 7?
1354363
-21211313 (base 4) to base 5
-2224122
-26123604 (base 9) to base 13
-28726a5
Convert -2440ba0 (base 12) to base 2.
-11010111001101010101000
What is 39b89 (base 13) in base 4?
122032210
What is -6139 (base 12) in base 15?
-31dc
What is 2536c (base 16) in base 14?
3d79a
Convert -1313121334 (base 5) to base 3.
-20010100110112
Convert 2857d5 (base 15) to base 16.
1da380
Convert 6452152 (base 7) to base 11.
497504
10130100110 (base 5) to base 7
154226365
What is -11212110201 (base 3) in base 2?
-10111011001100010
1110111010000001100101 (base 2) to base 15
522c75
What is 108574 (base 12) in base 2?
1000000010100101000
Convert -33ca181 (base 13) to base 8.
-74702362
Convert 87396 (base 11) to base 3.
20110002111
What is -4111104323 (base 5) in base 12?
-29436b8
What is -55524140 (base 8) in base 5?
-11031030111
Convert 104012 (base 8) to base 7.
203351
Convert -763134 (base 11) to base 13.
-339016
What is -124718 (base 13) in base 5?
-103012112
What is -120002210 (base 3) in base 13?
-501c
What is 8329 (base 12) in base 3?
201121020
Convert 5444245 (base 9) to base 6.
142351152
What is -526f26 (base 16) in base 11?
-305a9a9
Convert -730377 (base 8) to base 16.
-3b0ff
67710 (base 8) to base 4
12333020
What is -9094169 (base 10) in base 7?
-140204420
Convert 4102230 (base 5) to base 4.
100012110
Convert 45412155 (base 8) to base 7.
146413206
What is 136b4bb (base 12) in base 8?
16623417
Convert -111110110101111010111001 (base 2) to base 3.
-1010222221210012
Convert 259771 (base 11) to base 3.
202201221221
What is -3337778 (base 10) in base 16?
-32ee32
220100221200 (base 3) to base 12
1b16a6
Convert -2649857 (base 11) to base 7.
-53636455
2665132 (base 8) to base 16
b6a5a
121160 (base 7) to base 16
561b
10175 (base 10) to base 16
27bf
-16451364 (base 7) to base 2
-110001000110111110110
1101704 (base 9) to base 15
ba52a
-776151 (base 8) to base 10
-261225
Convert 2304351 (base 7) to base 2.
1000110001000101010
Convert 890820 (base 13) to base 15.
43ba16
311003030200 (base 4) to base 3
222011112102201
Convert 21222002220210 (base 3) to base 5.
2040441342
What is -24704a (base 12) in base 8?
-2205572
Convert -3505 (base 12) to base 3.
-22002212
What is -32305470 (base 8) in base 4?
-122120230320
What is 2322890 (base 11) in base 7?
46334440
Convert 163137 (base 9) to base 5.
11210332
-11010111000001111 (base 2) to base 12
-53867
What is 160507 (base 8) in base 2?
1110000101000111
412076 (base 8) to base 5
13330004
What is -2000412 (base 8) in base 2?
-10000000000100001010
Convert -4010204 (base 6) to base 2.
-101101111001011100
Convert 25aaa5 (base 15) to base 4.
12321122132
Convert -268294 (base 14) to base 10.
-1328618
Convert 4330444 (base 5) to base 13.
27818
-2216050 (base 11) to base 12
-1375b42
-11634460 (base 8) to base 14
-4acb04
What is -26413521 (base 7) in base 2?
-1001001111110001011010
What is 2f9bb8 (base 16) in base 8?
13715670
a8a5f4 (base 16) to base 8
52122764
92592 (base 10) to base 2
10110100110110000
What is 43202011 (base 5) in base 2?
1011001010100111001
Convert -4126257 (base 8) to base 10.
-1092783
Convert -1d78bd (base 14) to base 6.
-34402543
Convert 51c2c (base 16) to base 7.
2563235
What is -23323022233 (base 4) in base 3?
-12212210222101
Convert -63069a (base 11) to base 15.
-14e894
Convert 4a4499 (base 14) to base 3.
11210102022100
-100422 (base 7) to base 14
-62b9
What is -624304 (base 8) in base 7?
-1521425
What is -15844 (base 9) in base 12?
-637a
Convert -1001111111 (base 2) to base 14.
-339
Convert 1231140131 (base 5) to base 12.
1002421
What is cbc8 (base 15) in base 6?
531455
What is 30002211212 (base 4) in base 5?
1302000301
What is 259086 (base 10) in base 8?
772016
Convert 37555 (base 9) to base 8.
61231
Convert 126161661 (base 7) to base 5.
4041242144
Convert -415474 (base 13) to base 12.
-616981
What is -22138 (base 16) in base 15?
-2b551
Convert -10010000000 (base 3) to base 10.
-61236
-1585253 (base 9) to base 13
-24bc04
Convert -25432052 (base 6) to base 14.
-177d84
What is 3b24c (base 15) in base 10?
189522
Convert -2545c (base 15) to base 5.
-12302422
-11ebd (base 16) to base 11
-50172
What is 36fc5 (base 16) in base 15?
46aeb
What is -100011222 (base 4) in base 14?
-1a030
-694726 (base 13) to base 14
-48d28a
-2d8a77 (base 14) to base 16
-186661
-47d14e (base 15) to base 14
-6562c1
Convert -222534105 (base 6) to base 11.
-2320444
What is 978c15 (base 13) in base 6?
204154550
-3635562 (base 10) to base 4
-31313211222
Convert 331768 (base 9) to base 10.
198188
Convert -137a2 (base 14) to base 2.
-1011110000100010
-587b9 (base 14) to base 13
-77171
Convert -761b5 (base 12) to base 6.
-3201145
-303331312 (base 4) to base 5
-23302404
-10b723 (base 12) to base 5
-32101000
Convert 